{"id":5,"date":"2021-04-19T17:23:19","date_gmt":"2021-04-19T15:23:19","guid":{"rendered":"https:\/\/wir-mit-dir.hamburg\/karriere\/?page_id=5"},"modified":"2025-06-13T02:36:46","modified_gmt":"2025-06-13T00:36:46","slug":"jobs","status":"publish","type":"page","link":"https:\/\/evangelisches-krankenhaus-alsterdorf.de\/karriere\/jobs\/","title":{"rendered":"Jobs"},"content":{"rendered":"\n<div class=\"wp-block-emvy-blocks-opener emvy-opener undefined\" mediahorizontalalign=\"center\" mediaverticalalign=\"top\" height=\"normal\"><div class=\"emvy-opener-wrapper\"><div class=\"emvy-opener-image-wrapper\"><img loading=\"lazy\" decoding=\"async\" width=\"1900\" height=\"950\" src=\"https:\/\/evangelisches-krankenhaus-alsterdorf.de\/karriere\/wp-content\/uploads\/sites\/2\/2021\/06\/20210608-EKA-final-07737.jpg\" class=\"opener-image wp-image-993\" srcset=\"https:\/\/evangelisches-krankenhaus-alsterdorf.de\/karriere\/wp-content\/uploads\/sites\/2\/2021\/06\/20210608-EKA-final-07737.jpg 1900w, https:\/\/evangelisches-krankenhaus-alsterdorf.de\/karriere\/wp-content\/uploads\/sites\/2\/2021\/06\/20210608-EKA-final-07737-300x150.jpg 300w, https:\/\/evangelisches-krankenhaus-alsterdorf.de\/karriere\/wp-content\/uploads\/sites\/2\/2021\/06\/20210608-EKA-final-07737-1024x512.jpg 1024w, https:\/\/evangelisches-krankenhaus-alsterdorf.de\/karriere\/wp-content\/uploads\/sites\/2\/2021\/06\/20210608-EKA-final-07737-768x384.jpg 768w, https:\/\/evangelisches-krankenhaus-alsterdorf.de\/karriere\/wp-content\/uploads\/sites\/2\/2021\/06\/20210608-EKA-final-07737-1536x768.jpg 1536w, https:\/\/evangelisches-krankenhaus-alsterdorf.de\/karriere\/wp-content\/uploads\/sites\/2\/2021\/06\/20210608-EKA-final-07737-383x192.jpg 383w\" sizes=\"auto, (max-width: 1900px) 100vw, 1900px\" \/><div class=\"caption\"><\/div><\/div><div class=\"emvy-opener-headline-wrapper\"><div class=\"container\"><div class=\"row\"><div class=\"col\"><div class=\"headlinewrapper\"><div class=\"headline\"><span>Einander respektieren.<\/span><br \/><span>Aufeinander zugehen.<\/span><br \/><span>Miteinander gestalten.<\/span><br \/><span>Zusammen stolz sein.<\/span><br \/><\/div><div class=\"subline\"><\/div><\/div><\/div><\/div><\/div><\/div><div class=\"emvy-opener-machmiteinanders\"><div class=\"emvy-opener-machmiteinanders-wrapper\"><\/div><\/div><div class=\"emvy-opener-logo\"><div class=\"emvy-opener-logo-wrapper\"><\/div><\/div><\/div><\/div>\n\n\n\n<div class=\"wp-block-emvy-blocks-zeile emvy-zeile has-weiss-background-color\" headlinecolor=\"\" mediahorizontalalign=\"center\" mediaverticalalign=\"center\"><div class=\"container-fluid\"><div class=\"container headline-container\"><div class=\"row\"><div class=\"col\"><div class=\"headline\"><\/div><\/div><\/div><\/div><div class=\"container-fluid content-container\" style=\"background-image:none;background-repeat:no-repeat;background-size:cover;background-position:center center\"><div class=\"container\"><div class=\"row\">\n<div class=\"wp-block-columns is-layout-flex wp-container-core-columns-is-layout-1 wp-block-columns-is-layout-flex\">\n<div class=\"wp-block-column is-layout-flow wp-block-column-is-layout-flow\">\n<h1 class=\"wp-block-heading has-hellblau-color has-text-color\" id=\"h-mach-miteinanders-mach-mit-unsere-jobs-am-eka\">Mach<em> mitein<strong>anders<\/strong><\/em><strong>.<\/strong> Mach mit. Unsere Jobs am EKA.<\/h1>\n\n\n\n<p><\/p>\n<\/div>\n<\/div>\n<\/div><\/div><\/div><\/div><\/div>\n\n\n\n<div class=\"wp-block-columns is-layout-flex wp-container-core-columns-is-layout-2 wp-block-columns-is-layout-flex\">\n<div class=\"wp-block-column is-layout-flow wp-block-column-is-layout-flow\">\n<div class=\"container\"><div class=\"job_listings\" data-location=\"\" data-keywords=\"\" data-show_filters=\"true\" data-show_pagination=\"false\" data-per_page=\"999\" data-orderby=\"id\" data-order=\"ASC\" data-categories=\"\" data-disable-form-state-storage=\"\" data-featured_first=\"false\" data-post_id=\"5\" >\n<form class=\"job_filters\">\n\t\n\t<div class=\"search_jobs\">\n\t\t\n\t\t<div class=\"search_keywords\">\n\t\t\t<label for=\"search_keywords\">Stichw\u00f6rter<\/label>\n\t\t\t<input type=\"text\" name=\"search_keywords\" id=\"search_keywords\" placeholder=\"Stichw\u00f6rter\" value=\"\" \/>\n\t\t<\/div>\n\n\t\t<div class=\"search_location\">\n\t\t\t<label for=\"search_location\">Arbeitsort<\/label>\n\t\t\t<input type=\"text\" name=\"search_location\" id=\"search_location\" placeholder=\"Arbeitsort\" value=\"\" \/>\n\t\t<\/div>\n\n\t\t\t\t\t<div class=\"search_remote_position\">\n\t\t\t\t<input type=\"checkbox\" class=\"input-checkbox\" name=\"remote_position\" id=\"remote_position\" placeholder=\"Arbeitsort\" value=\"1\"  \/>\n\t\t\t\t<label for=\"remote_position\" id=\"remote_position_label\">Nur Remote Postionen<\/label>\n\t\t\t<\/div>\n\t\t\n\t\t<div style=\"clear: both\"><\/div>\n\n\t\t\n\t\t\t\t\t<div class=\"search_submit\">\n\t\t\t\t<input type=\"submit\" value=\"Jobs finden\">\n\t\t\t<\/div>\n\t\t\n\t\t\t<\/div>\n\n\t\t<ul class=\"job_types\">\n\t\t\t\t\t<li><label for=\"job_type_stundenweise\" class=\"stundenweise\"><input type=\"checkbox\" name=\"filter_job_type[]\" value=\"stundenweise\"  checked='checked' id=\"job_type_stundenweise\" \/> Stundenweise<\/label><\/li>\n\t\t\t\t\t<li><label for=\"job_type_teilzeit\" class=\"teilzeit\"><input type=\"checkbox\" name=\"filter_job_type[]\" value=\"teilzeit\"  checked='checked' id=\"job_type_teilzeit\" \/> Teilzeit<\/label><\/li>\n\t\t\t\t\t<li><label for=\"job_type_teilzeitvollzeit\" class=\"teilzeit-vollzeit\"><input type=\"checkbox\" name=\"filter_job_type[]\" value=\"teilzeitvollzeit\"  checked='checked' id=\"job_type_teilzeitvollzeit\" \/> Teilzeit\/Vollzeit<\/label><\/li>\n\t\t\t\t\t<li><label for=\"job_type_voll-teilzeit\" class=\"voll-teilzeit\"><input type=\"checkbox\" name=\"filter_job_type[]\" value=\"voll-teilzeit\"  checked='checked' id=\"job_type_voll-teilzeit\" \/> Voll\/Teilzeit<\/label><\/li>\n\t\t\t\t\t<li><label for=\"job_type_vollzeit\" class=\"vollzeit\"><input type=\"checkbox\" name=\"filter_job_type[]\" value=\"vollzeit\"  checked='checked' id=\"job_type_vollzeit\" \/> Vollzeit<\/label><\/li>\n\t\t\t<\/ul>\n\t<input type=\"hidden\" name=\"filter_job_type[]\" value=\"\" \/>\n<div class=\"showing_jobs\"><\/div><\/form>\n\n\n<noscript>Dein Browser unterst\u00fctzt kein JavaScript oder es ist deaktiviert. JavaScript muss aktiviert sein, um Eintr\u00e4ge zu sehen.<\/noscript>\n<ul class=\"job_listings\">\n<\/ul>\n<a class=\"load_more_jobs\" href=\"#\" style=\"display:none;\"><strong>Weitere Jobangebote laden<\/strong><\/a><\/div><\/div>\n<\/div>\n<\/div>\n\n\n\n<div class=\"wp-block-emvy-blocks-zeile emvy-zeile has-hellblau-background-color\" framecolor=\"\" headlinecolor=\"has-hellblau-background-color\" mediahorizontalalign=\"center\" mediaverticalalign=\"center\" bgtype=\"color\" headlinepos=\"left\"><div class=\"container-fluid\"><div class=\"container headline-container\"><div class=\"row\"><div class=\"col\"><div class=\"headline\">Initiativbewerbungen<br \/><\/div><\/div><\/div><\/div><div class=\"container-fluid content-container\" style=\"background-image:none;background-repeat:no-repeat;background-size:cover;background-position:center center\"><div class=\"container\"><div class=\"row\">\n<div class=\"wp-block-columns is-layout-flex wp-container-core-columns-is-layout-4 wp-block-columns-is-layout-flex\">\n<div class=\"wp-block-column is-layout-flow wp-block-column-is-layout-flow\">\n<div class=\"wp-block-emvy-blocks-frame-box emvy-frame-box\" framecolor=\"has-pink-background-color\" marginbottom=\"ja\" marginbottommobile=\"ja\"><div class=\"content-container\">\n<div class=\"wp-block-columns is-layout-flex wp-container-core-columns-is-layout-3 wp-block-columns-is-layout-flex\">\n<div class=\"wp-block-column is-layout-flow wp-block-column-is-layout-flow\">\n<p class=\"has-textfarbe-color has-text-color\">Falls Ihre Traumstelle derzeit nicht bei uns ausgeschrieben ist, freuen wir uns auf Ihre Initiativbewerbung.<\/p>\n\n\n\n<p>F\u00fcr den Bereich Pflegedienst senden Sie bitte eine E-Mail an <strong>Franziska Heise<\/strong> unter dieser <a href=\"mailto:recruiting@eka.alsterdorf.de\">E-Mail Adresse<\/a> und f\u00fcr alle anderen Anfragen (Praktikum, PJ, \u00e4rztlicher Dienst, Umsch\u00fcler*innen etc.) an <strong>Sonja Waldhauer<\/strong> unter dieser <a href=\"mailto:sonja.waldhauer@eka.alsterdorf.de\">E-Mail Adresse<\/a>.<\/p>\n\n\n\n<p class=\"has-textfarbe-color has-text-color\">Oder nutzen Sie gern auch unser Schnellbewerbungsformular.<\/p>\n\n\n\n<p><\/p>\n<\/div>\n<\/div>\n<\/div><\/div>\n<\/div>\n<\/div>\n<\/div><\/div><\/div><\/div><\/div>\n\n\n\n<div class=\"wp-block-emvy-blocks-zeile emvy-zeile has-gruen-background-color\" framecolor=\"\" headlinecolor=\"has-gruen-background-color\" mediahorizontalalign=\"center\" mediaverticalalign=\"center\" bgtype=\"color\" headlinepos=\"right\"><div class=\"container-fluid\"><div class=\"container headline-container\"><div class=\"row\"><div class=\"col\"><div class=\"headline\">Schnellbewerbung<br \/><\/div><\/div><\/div><\/div><div class=\"container-fluid content-container\" style=\"background-image:none;background-repeat:no-repeat;background-size:cover;background-position:center center\"><div class=\"container\"><div class=\"row\">\n<div class=\"wp-block-columns is-layout-flex wp-container-core-columns-is-layout-5 wp-block-columns-is-layout-flex\">\n<div class=\"wp-block-column is-layout-flow wp-block-column-is-layout-flow\">\n<div class=\"wp-block-emvy-blocks-frame-box emvy-frame-box\" framecolor=\"\" marginbottom=\"ja\" marginbottommobile=\"ja\"><div class=\"content-container\">\n<h1 class=\"wp-block-heading\" id=\"h-wir-freuen-uns-auf-sie\">Der kurze Weg zu uns!<\/h1>\n\n\n\n<p>Einfach unten stehende Schnellbewerbung ausf\u00fcllen und absenden. Wir melden uns.<\/p>\n\n\n\n<p>Noch Fragen? Rufen Sie gern unsere Recruiterin Franziska Heise ( <a href=\"tel:+494050773176\">040 5077-3176<\/a> ) an.<\/p>\n\n\n\n<p><\/p>\n\n\n\n<div class=\"wp-block-contact-form-7-contact-form-selector\">\n<div class=\"wpcf7 no-js\" id=\"wpcf7-f4-o1\" lang=\"de-DE\" dir=\"ltr\" data-wpcf7-id=\"4\">\n<div class=\"screen-reader-response\"><p role=\"status\" aria-live=\"polite\" aria-atomic=\"true\"><\/p> <ul><\/ul><\/div>\n<form action=\"\/karriere\/wp-json\/wp\/v2\/pages\/5#wpcf7-f4-o1\" method=\"post\" class=\"wpcf7-form init\" aria-label=\"Kontaktformular\" novalidate=\"novalidate\" data-status=\"init\">\n<div style=\"display: none;\">\n<input type=\"hidden\" name=\"_wpcf7\" value=\"4\" \/>\n<input type=\"hidden\" name=\"_wpcf7_version\" value=\"6.0.5\" \/>\n<input type=\"hidden\" name=\"_wpcf7_locale\" value=\"de_DE_formal\" \/>\n<input type=\"hidden\" name=\"_wpcf7_unit_tag\" value=\"wpcf7-f4-o1\" \/>\n<input type=\"hidden\" name=\"_wpcf7_container_post\" value=\"0\" \/>\n<input type=\"hidden\" name=\"_wpcf7_posted_data_hash\" value=\"\" \/>\n<\/div>\n<div class=\"container\">\n\t<div class=\"row\">\n\t\t<div class=\"col-md-6 col-12\">\n\t\t\t<p><label>Name<br \/>\n<span class=\"wpcf7-form-control-wrap\" data-name=\"your-name\"><input size=\"40\" maxlength=\"400\" class=\"wpcf7-form-control wpcf7-text wpcf7-validates-as-required\" aria-required=\"true\" aria-invalid=\"false\" value=\"\" type=\"text\" name=\"your-name\" \/><\/span> <\/label>\n\t\t\t<\/p>\n\t\t\t<p><label>Telefon<br \/>\n<span class=\"wpcf7-form-control-wrap\" data-name=\"telefon\"><input size=\"40\" maxlength=\"400\" class=\"wpcf7-form-control wpcf7-tel wpcf7-text wpcf7-validates-as-tel\" aria-invalid=\"false\" value=\"\" type=\"tel\" name=\"telefon\" \/><\/span> <\/label>\n\t\t\t<\/p>\n\t\t\t<p><label>E-Mail-Adresse<br \/>\n<span class=\"wpcf7-form-control-wrap\" data-name=\"your-email\"><input size=\"40\" maxlength=\"400\" class=\"wpcf7-form-control wpcf7-email wpcf7-validates-as-required wpcf7-text wpcf7-validates-as-email\" aria-required=\"true\" aria-invalid=\"false\" value=\"\" type=\"email\" name=\"your-email\" \/><\/span> <\/label>\n\t\t\t<\/p>\n\t\t<\/div>\n\t\t<div class=\"col-md-6 col-12\">\n\t\t\t<p><label> Ihre Nachricht<br \/>\n<span class=\"wpcf7-form-control-wrap\" data-name=\"nachricht\"><textarea cols=\"40\" rows=\"10\" maxlength=\"2000\" class=\"wpcf7-form-control wpcf7-textarea\" aria-invalid=\"false\" name=\"nachricht\"><\/textarea><\/span> <\/label>\n\t\t\t<\/p>\n\t\t\t<p><input class=\"wpcf7-form-control wpcf7-submit has-spinner\" type=\"submit\" value=\"Bewerbung absenden\" \/>\n\t\t\t<\/p>\n\t\t<\/div>\n\t<\/div>\n<\/div><div class=\"wpcf7-response-output\" aria-hidden=\"true\"><\/div>\n<\/form>\n<\/div>\n<\/div>\n<\/div><\/div>\n<\/div>\n<\/div>\n<\/div><\/div><\/div><\/div><\/div>\n\n\n\n<div class=\"wp-block-emvy-blocks-zeile emvy-zeile has-pink-background-color\" headlinecolor=\"has-pink-background-color\" mediahorizontalalign=\"center\" mediaverticalalign=\"center\"><div class=\"container-fluid\"><div class=\"container headline-container\"><div class=\"row\"><div class=\"col\"><div class=\"headline\">Unser Neubau<br \/><\/div><\/div><\/div><\/div><div class=\"container-fluid content-container\" style=\"background-image:none;background-repeat:no-repeat;background-size:cover;background-position:center center\"><div class=\"container\"><div class=\"row\">\n<div class=\"wp-block-columns is-layout-flex wp-container-core-columns-is-layout-6 wp-block-columns-is-layout-flex\">\n<div class=\"wp-block-column is-layout-flow wp-block-column-is-layout-flow\" style=\"flex-basis:10%\"><\/div>\n\n\n\n<div class=\"wp-block-column is-layout-flow wp-block-column-is-layout-flow\">\n<figure class=\"wp-block-video\"><video controls src=\"https:\/\/evangelisches-krankenhaus-alsterdorf.de\/karriere\/wp-content\/uploads\/sites\/2\/2023\/05\/EKA_Neubau_final_SD720_2.mp4\"><\/video><\/figure>\n<\/div>\n\n\n\n<div class=\"wp-block-column is-layout-flow wp-block-column-is-layout-flow\" style=\"flex-basis:10%\"><\/div>\n<\/div>\n<\/div><\/div><\/div><\/div><\/div>\n\n\n\n<div style=\"height:100px\" aria-hidden=\"true\" class=\"wp-block-spacer\"><\/div>\n\n\n\n<p><\/p>\n","protected":false},"excerpt":{"rendered":"","protected":false},"author":2,"featured_media":0,"parent":0,"menu_order":0,"comment_status":"closed","ping_status":"closed","template":"","meta":{"_acf_changed":false,"inline_featured_image":false,"footnotes":""},"class_list":["post-5","page","type-page","status-publish","hentry"],"yoast_head":"<!-- This site is optimized with the Yoast SEO Premium plugin v18.4 (Yoast SEO v24.6) - https:\/\/yoast.com\/wordpress\/plugins\/seo\/ -->\n<title>Jobs am EKA in Hamburg | Evangelisches Krankenhaus Alsterdorf<\/title>\n<meta name=\"description\" content=\"Hier finden Sie unsere aktuellen Stellenangebote am Evangelischen Krankenhaus Alsterdorf- ganz im Herzen von Hamburg.\" \/>\n<meta name=\"robots\" content=\"index, follow, max-snippet:-1, max-image-preview:large, max-video-preview:-1\" \/>\n<link rel=\"canonical\" href=\"https:\/\/evangelisches-krankenhaus-alsterdorf.de\/karriere\/jobs\/\" \/>\n<meta property=\"og:locale\" content=\"de_DE\" \/>\n<meta property=\"og:type\" content=\"article\" \/>\n<meta property=\"og:title\" content=\"Jobs\" \/>\n<meta property=\"og:description\" content=\"Hier finden Sie unsere aktuellen Stellenangebote am Evangelischen Krankenhaus Alsterdorf- ganz im Herzen von Hamburg.\" \/>\n<meta property=\"og:url\" content=\"https:\/\/evangelisches-krankenhaus-alsterdorf.de\/karriere\/jobs\/\" \/>\n<meta property=\"og:site_name\" content=\"Karriereseite EKA - Evangelisches Krankenhaus Alsterdorf Hamburg\" \/>\n<meta property=\"article:modified_time\" content=\"2025-06-13T00:36:46+00:00\" \/>\n<meta property=\"og:image\" content=\"https:\/\/evangelisches-krankenhaus-alsterdorf.de\/karriere\/wp-content\/uploads\/sites\/2\/2021\/06\/20210608-EKA-final-07737.jpg\" \/>\n\t<meta property=\"og:image:width\" content=\"1900\" \/>\n\t<meta property=\"og:image:height\" content=\"950\" \/>\n\t<meta property=\"og:image:type\" content=\"image\/jpeg\" \/>\n<meta name=\"twitter:card\" content=\"summary_large_image\" \/>\n<meta name=\"twitter:label1\" content=\"Gesch\u00e4tzte Lesezeit\" \/>\n\t<meta name=\"twitter:data1\" content=\"1\u00a0Minute\" \/>\n<script type=\"application\/ld+json\" class=\"yoast-schema-graph\">{\"@context\":\"https:\/\/schema.org\",\"@graph\":[{\"@type\":\"WebPage\",\"@id\":\"https:\/\/evangelisches-krankenhaus-alsterdorf.de\/karriere\/jobs\/\",\"url\":\"https:\/\/evangelisches-krankenhaus-alsterdorf.de\/karriere\/jobs\/\",\"name\":\"Jobs am EKA in Hamburg | Evangelisches Krankenhaus Alsterdorf\",\"isPartOf\":{\"@id\":\"https:\/\/evangelisches-krankenhaus-alsterdorf.de\/karriere\/#website\"},\"primaryImageOfPage\":{\"@id\":\"https:\/\/evangelisches-krankenhaus-alsterdorf.de\/karriere\/jobs\/#primaryimage\"},\"image\":{\"@id\":\"https:\/\/evangelisches-krankenhaus-alsterdorf.de\/karriere\/jobs\/#primaryimage\"},\"thumbnailUrl\":\"https:\/\/evangelisches-krankenhaus-alsterdorf.de\/karriere\/wp-content\/uploads\/sites\/2\/2021\/06\/20210608-EKA-final-07737.jpg\",\"datePublished\":\"2021-04-19T15:23:19+00:00\",\"dateModified\":\"2025-06-13T00:36:46+00:00\",\"description\":\"Hier finden Sie unsere aktuellen Stellenangebote am Evangelischen Krankenhaus Alsterdorf- ganz im Herzen von Hamburg.\",\"breadcrumb\":{\"@id\":\"https:\/\/evangelisches-krankenhaus-alsterdorf.de\/karriere\/jobs\/#breadcrumb\"},\"inLanguage\":\"de\",\"potentialAction\":[{\"@type\":\"ReadAction\",\"target\":[\"https:\/\/evangelisches-krankenhaus-alsterdorf.de\/karriere\/jobs\/\"]}]},{\"@type\":\"ImageObject\",\"inLanguage\":\"de\",\"@id\":\"https:\/\/evangelisches-krankenhaus-alsterdorf.de\/karriere\/jobs\/#primaryimage\",\"url\":\"https:\/\/evangelisches-krankenhaus-alsterdorf.de\/karriere\/wp-content\/uploads\/sites\/2\/2021\/06\/20210608-EKA-final-07737.jpg\",\"contentUrl\":\"https:\/\/evangelisches-krankenhaus-alsterdorf.de\/karriere\/wp-content\/uploads\/sites\/2\/2021\/06\/20210608-EKA-final-07737.jpg\",\"width\":1900,\"height\":950},{\"@type\":\"BreadcrumbList\",\"@id\":\"https:\/\/evangelisches-krankenhaus-alsterdorf.de\/karriere\/jobs\/#breadcrumb\",\"itemListElement\":[{\"@type\":\"ListItem\",\"position\":1,\"name\":\"Startseite\",\"item\":\"https:\/\/evangelisches-krankenhaus-alsterdorf.de\/karriere\/\"},{\"@type\":\"ListItem\",\"position\":2,\"name\":\"Jobs\"}]},{\"@type\":\"WebSite\",\"@id\":\"https:\/\/evangelisches-krankenhaus-alsterdorf.de\/karriere\/#website\",\"url\":\"https:\/\/evangelisches-krankenhaus-alsterdorf.de\/karriere\/\",\"name\":\"Karriereseite EKA - Evangelisches Krankenhaus Alsterdorf Hamburg\",\"description\":\"\",\"publisher\":{\"@id\":\"https:\/\/evangelisches-krankenhaus-alsterdorf.de\/karriere\/#organization\"},\"potentialAction\":[{\"@type\":\"SearchAction\",\"target\":{\"@type\":\"EntryPoint\",\"urlTemplate\":\"https:\/\/evangelisches-krankenhaus-alsterdorf.de\/karriere\/?s={search_term_string}\"},\"query-input\":{\"@type\":\"PropertyValueSpecification\",\"valueRequired\":true,\"valueName\":\"search_term_string\"}}],\"inLanguage\":\"de\"},{\"@type\":[\"Organization\",\"Place\"],\"@id\":\"https:\/\/evangelisches-krankenhaus-alsterdorf.de\/karriere\/#organization\",\"name\":\"Evangelisches Krankenhaus Alsterdorf\",\"url\":\"https:\/\/evangelisches-krankenhaus-alsterdorf.de\/karriere\/\",\"logo\":{\"@id\":\"https:\/\/evangelisches-krankenhaus-alsterdorf.de\/karriere\/jobs\/#local-main-organization-logo\"},\"image\":{\"@id\":\"https:\/\/evangelisches-krankenhaus-alsterdorf.de\/karriere\/jobs\/#local-main-organization-logo\"},\"openingHoursSpecification\":[{\"@type\":\"OpeningHoursSpecification\",\"dayOfWeek\":[\"Monday\",\"Tuesday\",\"Wednesday\",\"Thursday\",\"Friday\",\"Saturday\",\"Sunday\"],\"opens\":\"09:00\",\"closes\":\"17:00\"}]},{\"@type\":\"ImageObject\",\"inLanguage\":\"de\",\"@id\":\"https:\/\/evangelisches-krankenhaus-alsterdorf.de\/karriere\/jobs\/#local-main-organization-logo\",\"url\":\"https:\/\/evangelisches-krankenhaus-alsterdorf.de\/karriere\/wp-content\/uploads\/sites\/2\/2021\/04\/logo-evangelisches-krankenhaus-alsterdorf.png\",\"contentUrl\":\"https:\/\/evangelisches-krankenhaus-alsterdorf.de\/karriere\/wp-content\/uploads\/sites\/2\/2021\/04\/logo-evangelisches-krankenhaus-alsterdorf.png\",\"width\":330,\"height\":56,\"caption\":\"Evangelisches Krankenhaus Alsterdorf\"}]}<\/script>\n<!-- \/ Yoast SEO Premium plugin. -->","yoast_head_json":{"title":"Jobs am EKA in Hamburg | Evangelisches Krankenhaus Alsterdorf","description":"Hier finden Sie unsere aktuellen Stellenangebote am Evangelischen Krankenhaus Alsterdorf- ganz im Herzen von Hamburg.","robots":{"index":"index","follow":"follow","max-snippet":"max-snippet:-1","max-image-preview":"max-image-preview:large","max-video-preview":"max-video-preview:-1"},"canonical":"https:\/\/evangelisches-krankenhaus-alsterdorf.de\/karriere\/jobs\/","og_locale":"de_DE","og_type":"article","og_title":"Jobs","og_description":"Hier finden Sie unsere aktuellen Stellenangebote am Evangelischen Krankenhaus Alsterdorf- ganz im Herzen von Hamburg.","og_url":"https:\/\/evangelisches-krankenhaus-alsterdorf.de\/karriere\/jobs\/","og_site_name":"Karriereseite EKA - Evangelisches Krankenhaus Alsterdorf Hamburg","article_modified_time":"2025-06-13T00:36:46+00:00","og_image":[{"width":1900,"height":950,"url":"https:\/\/evangelisches-krankenhaus-alsterdorf.de\/karriere\/wp-content\/uploads\/sites\/2\/2021\/06\/20210608-EKA-final-07737.jpg","type":"image\/jpeg"}],"twitter_card":"summary_large_image","twitter_misc":{"Gesch\u00e4tzte Lesezeit":"1\u00a0Minute"},"schema":{"@context":"https:\/\/schema.org","@graph":[{"@type":"WebPage","@id":"https:\/\/evangelisches-krankenhaus-alsterdorf.de\/karriere\/jobs\/","url":"https:\/\/evangelisches-krankenhaus-alsterdorf.de\/karriere\/jobs\/","name":"Jobs am EKA in Hamburg | Evangelisches Krankenhaus Alsterdorf","isPartOf":{"@id":"https:\/\/evangelisches-krankenhaus-alsterdorf.de\/karriere\/#website"},"primaryImageOfPage":{"@id":"https:\/\/evangelisches-krankenhaus-alsterdorf.de\/karriere\/jobs\/#primaryimage"},"image":{"@id":"https:\/\/evangelisches-krankenhaus-alsterdorf.de\/karriere\/jobs\/#primaryimage"},"thumbnailUrl":"https:\/\/evangelisches-krankenhaus-alsterdorf.de\/karriere\/wp-content\/uploads\/sites\/2\/2021\/06\/20210608-EKA-final-07737.jpg","datePublished":"2021-04-19T15:23:19+00:00","dateModified":"2025-06-13T00:36:46+00:00","description":"Hier finden Sie unsere aktuellen Stellenangebote am Evangelischen Krankenhaus Alsterdorf- ganz im Herzen von Hamburg.","breadcrumb":{"@id":"https:\/\/evangelisches-krankenhaus-alsterdorf.de\/karriere\/jobs\/#breadcrumb"},"inLanguage":"de","potentialAction":[{"@type":"ReadAction","target":["https:\/\/evangelisches-krankenhaus-alsterdorf.de\/karriere\/jobs\/"]}]},{"@type":"ImageObject","inLanguage":"de","@id":"https:\/\/evangelisches-krankenhaus-alsterdorf.de\/karriere\/jobs\/#primaryimage","url":"https:\/\/evangelisches-krankenhaus-alsterdorf.de\/karriere\/wp-content\/uploads\/sites\/2\/2021\/06\/20210608-EKA-final-07737.jpg","contentUrl":"https:\/\/evangelisches-krankenhaus-alsterdorf.de\/karriere\/wp-content\/uploads\/sites\/2\/2021\/06\/20210608-EKA-final-07737.jpg","width":1900,"height":950},{"@type":"BreadcrumbList","@id":"https:\/\/evangelisches-krankenhaus-alsterdorf.de\/karriere\/jobs\/#breadcrumb","itemListElement":[{"@type":"ListItem","position":1,"name":"Startseite","item":"https:\/\/evangelisches-krankenhaus-alsterdorf.de\/karriere\/"},{"@type":"ListItem","position":2,"name":"Jobs"}]},{"@type":"WebSite","@id":"https:\/\/evangelisches-krankenhaus-alsterdorf.de\/karriere\/#website","url":"https:\/\/evangelisches-krankenhaus-alsterdorf.de\/karriere\/","name":"Karriereseite EKA - Evangelisches Krankenhaus Alsterdorf Hamburg","description":"","publisher":{"@id":"https:\/\/evangelisches-krankenhaus-alsterdorf.de\/karriere\/#organization"},"potentialAction":[{"@type":"SearchAction","target":{"@type":"EntryPoint","urlTemplate":"https:\/\/evangelisches-krankenhaus-alsterdorf.de\/karriere\/?s={search_term_string}"},"query-input":{"@type":"PropertyValueSpecification","valueRequired":true,"valueName":"search_term_string"}}],"inLanguage":"de"},{"@type":["Organization","Place"],"@id":"https:\/\/evangelisches-krankenhaus-alsterdorf.de\/karriere\/#organization","name":"Evangelisches Krankenhaus Alsterdorf","url":"https:\/\/evangelisches-krankenhaus-alsterdorf.de\/karriere\/","logo":{"@id":"https:\/\/evangelisches-krankenhaus-alsterdorf.de\/karriere\/jobs\/#local-main-organization-logo"},"image":{"@id":"https:\/\/evangelisches-krankenhaus-alsterdorf.de\/karriere\/jobs\/#local-main-organization-logo"},"openingHoursSpecification":[{"@type":"OpeningHoursSpecification","dayOfWeek":["Monday","Tuesday","Wednesday","Thursday","Friday","Saturday","Sunday"],"opens":"09:00","closes":"17:00"}]},{"@type":"ImageObject","inLanguage":"de","@id":"https:\/\/evangelisches-krankenhaus-alsterdorf.de\/karriere\/jobs\/#local-main-organization-logo","url":"https:\/\/evangelisches-krankenhaus-alsterdorf.de\/karriere\/wp-content\/uploads\/sites\/2\/2021\/04\/logo-evangelisches-krankenhaus-alsterdorf.png","contentUrl":"https:\/\/evangelisches-krankenhaus-alsterdorf.de\/karriere\/wp-content\/uploads\/sites\/2\/2021\/04\/logo-evangelisches-krankenhaus-alsterdorf.png","width":330,"height":56,"caption":"Evangelisches Krankenhaus Alsterdorf"}]}},"acf":[],"_links":{"self":[{"href":"https:\/\/evangelisches-krankenhaus-alsterdorf.de\/karriere\/wp-json\/wp\/v2\/pages\/5","targetHints":{"allow":["GET"]}}],"collection":[{"href":"https:\/\/evangelisches-krankenhaus-alsterdorf.de\/karriere\/wp-json\/wp\/v2\/pages"}],"about":[{"href":"https:\/\/evangelisches-krankenhaus-alsterdorf.de\/karriere\/wp-json\/wp\/v2\/types\/page"}],"author":[{"embeddable":true,"href":"https:\/\/evangelisches-krankenhaus-alsterdorf.de\/karriere\/wp-json\/wp\/v2\/users\/2"}],"replies":[{"embeddable":true,"href":"https:\/\/evangelisches-krankenhaus-alsterdorf.de\/karriere\/wp-json\/wp\/v2\/comments?post=5"}],"version-history":[{"count":85,"href":"https:\/\/evangelisches-krankenhaus-alsterdorf.de\/karriere\/wp-json\/wp\/v2\/pages\/5\/revisions"}],"predecessor-version":[{"id":3412,"href":"https:\/\/evangelisches-krankenhaus-alsterdorf.de\/karriere\/wp-json\/wp\/v2\/pages\/5\/revisions\/3412"}],"wp:attachment":[{"href":"https:\/\/evangelisches-krankenhaus-alsterdorf.de\/karriere\/wp-json\/wp\/v2\/media?parent=5"}],"curies":[{"name":"wp","href":"https:\/\/api.w.org\/{rel}","templated":true}]}}